{"id":239,"date":"2014-12-22T13:55:18","date_gmt":"2014-12-22T12:55:18","guid":{"rendered":"http:\/\/bruecke-nach-aethiopien.srv08.ideefix.net\/?page_id=239"},"modified":"2014-12-29T11:07:20","modified_gmt":"2014-12-29T10:07:20","slug":"ueber-uns","status":"publish","type":"page","link":"http:\/\/www.bruecke-nach-aethiopien.at\/?page_id=239","title":{"rendered":"\u00dcber uns"},"content":{"rendered":"<p>[vc_row][vc_column width=&#8220;1\/1&#8243;][vc_column_text]Seit April 2001 ist dieser Verein rechtsg\u00fcltig im \u00f6sterreichischen Vereinsregister eingetragen. BR\u00dcCKE NACH \u00c4THIOPIEN (BNA) wird von der Bezirkshauptmannschaft Feldkirch als zust\u00e4ndiger Vereinsbeh\u00f6rde unter der Zahl III-1704-01\/1509 gef\u00fchrt.<\/p>\n<p>Der Verein arbeitet ausnahmslos ehrenamtlich und wird von einem derzeit f\u00fcnfk\u00f6pfigen Vorstand geleitet.<\/p>\n<p>BR\u00dcCKE NACH \u00c4THIOPIEN &#8211; Gemeinn\u00fctziger Verein zur Unterst\u00fctzung von Kinderprojekten in \u00c4thiopien und Adoptionshilfe &#8211; wie er im vollen Wortlaut hei\u00dft, arbeitet \u00f6sterreichweit.<\/p>\n<p>Neue Obfrau ist seit Juni 2013, Frau Martina Schober. Alle Vorstandsmitglieder haben eine enge Beziehung zum Land \u00c4thiopien, die meisten haben selbst ein Kind aus diesem Land adoptiert.<\/p>\n<p>Im Mittelpunkt der Arbeit von BR\u00dcCKE NACH \u00c4THIOPIEN steht die Hilfe f\u00fcr Kinder!<\/p>\n<p>Herzlichen Dank an alle f\u00fcr die Unterst\u00fctzung.[\/vc_column_text][\/vc_column][\/vc_row]<\/p>\n","protected":false},"excerpt":{"rendered":"<p>[vc_row][vc_column width=&#8220;1\/1&#8243;][vc_column_text]Seit April 2001 ist dieser Verein rechtsg\u00fcltig im \u00f6sterreichischen Vereinsregister eingetragen. BR\u00dcCKE NACH \u00c4THIOPIEN (BNA) wird von der Bezirkshauptmannschaft Feldkirch als zust\u00e4ndiger Vereinsbeh\u00f6rde unter der Zahl III-1704-01\/1509 gef\u00fchrt. Der Verein arbeitet ausnahmslos ehrenamtlich und wird von einem derzeit f\u00fcnfk\u00f6pfigen Vorstand geleitet. BR\u00dcCKE NACH \u00c4THIOPIEN &#8211; Gemeinn\u00fctziger Verein zur Unterst\u00fctzung von Kinderprojekten in \u00c4thiopien und<\/p>\n","protected":false},"author":1,"featured_media":278,"parent":0,"menu_order":0,"comment_status":"open","ping_status":"open","template":"","meta":[],"yoast_head":"<!-- This site is optimized with the Yoast SEO plugin v20.3 - https:\/\/yoast.com\/wordpress\/plugins\/seo\/ -->\n<title>\u00dcber uns - Br\u00fccke nach \u00c4thiopien<\/title>\n<meta name=\"robots\" content=\"index, follow, max-snippet:-1, max-image-preview:large, max-video-preview:-1\" \/>\n<link rel=\"canonical\" href=\"http:\/\/www.bruecke-nach-aethiopien.at\/?page_id=239\" \/>\n<meta property=\"og:locale\" content=\"de_DE\" \/>\n<meta property=\"og:type\" content=\"article\" \/>\n<meta property=\"og:title\" content=\"\u00dcber uns - Br\u00fccke nach \u00c4thiopien\" \/>\n<meta property=\"og:description\" content=\"[vc_row][vc_column width=&#8220;1\/1&#8243;][vc_column_text]Seit April 2001 ist dieser Verein rechtsg\u00fcltig im \u00f6sterreichischen Vereinsregister eingetragen. BR\u00dcCKE NACH \u00c4THIOPIEN (BNA) wird von der Bezirkshauptmannschaft Feldkirch als zust\u00e4ndiger Vereinsbeh\u00f6rde unter der Zahl III-1704-01\/1509 gef\u00fchrt. Der Verein arbeitet ausnahmslos ehrenamtlich und wird von einem derzeit f\u00fcnfk\u00f6pfigen Vorstand geleitet. BR\u00dcCKE NACH \u00c4THIOPIEN &#8211; Gemeinn\u00fctziger Verein zur Unterst\u00fctzung von Kinderprojekten in \u00c4thiopien und\" \/>\n<meta property=\"og:url\" content=\"http:\/\/www.bruecke-nach-aethiopien.at\/?page_id=239\" \/>\n<meta property=\"og:site_name\" content=\"Br\u00fccke nach \u00c4thiopien\" \/>\n<meta property=\"article:modified_time\" content=\"2014-12-29T10:07:20+00:00\" \/>\n<meta property=\"og:image\" content=\"https:\/\/i0.wp.com\/www.bruecke-nach-aethiopien.at\/wp-content\/uploads\/2014\/12\/dorf.jpg?fit=778%2C220\" \/>\n\t<meta property=\"og:image:width\" content=\"778\" \/>\n\t<meta property=\"og:image:height\" content=\"220\" \/>\n\t<meta property=\"og:image:type\" content=\"image\/jpeg\" \/>\n<meta name=\"twitter:label1\" content=\"Gesch\u00e4tzte Lesezeit\" \/>\n\t<meta name=\"twitter:data1\" content=\"1\u00a0Minute\" \/>\n<script type=\"application\/ld+json\" class=\"yoast-schema-graph\">{\"@context\":\"https:\/\/schema.org\",\"@graph\":[{\"@type\":\"WebPage\",\"@id\":\"http:\/\/www.bruecke-nach-aethiopien.at\/?page_id=239\",\"url\":\"http:\/\/www.bruecke-nach-aethiopien.at\/?page_id=239\",\"name\":\"\u00dcber uns - Br\u00fccke nach \u00c4thiopien\",\"isPartOf\":{\"@id\":\"https:\/\/www.bruecke-nach-aethiopien.at\/#website\"},\"datePublished\":\"2014-12-22T12:55:18+00:00\",\"dateModified\":\"2014-12-29T10:07:20+00:00\",\"breadcrumb\":{\"@id\":\"http:\/\/www.bruecke-nach-aethiopien.at\/?page_id=239#breadcrumb\"},\"inLanguage\":\"de\",\"potentialAction\":[{\"@type\":\"ReadAction\",\"target\":[\"http:\/\/www.bruecke-nach-aethiopien.at\/?page_id=239\"]}]},{\"@type\":\"BreadcrumbList\",\"@id\":\"http:\/\/www.bruecke-nach-aethiopien.at\/?page_id=239#breadcrumb\",\"itemListElement\":[{\"@type\":\"ListItem\",\"position\":1,\"name\":\"Home\",\"item\":\"https:\/\/www.bruecke-nach-aethiopien.at\/\"},{\"@type\":\"ListItem\",\"position\":2,\"name\":\"\u00dcber uns\"}]},{\"@type\":\"WebSite\",\"@id\":\"https:\/\/www.bruecke-nach-aethiopien.at\/#website\",\"url\":\"https:\/\/www.bruecke-nach-aethiopien.at\/\",\"name\":\"Br\u00fccke nach \u00c4thiopien\",\"description\":\"Hilfe f\u00fcr \u00c4thiopien bzw. \u00c4thiopier in \u00d6sterreich\",\"potentialAction\":[{\"@type\":\"SearchAction\",\"target\":{\"@type\":\"EntryPoint\",\"urlTemplate\":\"https:\/\/www.bruecke-nach-aethiopien.at\/?s={search_term_string}\"},\"query-input\":\"required name=search_term_string\"}],\"inLanguage\":\"de\"}]}<\/script>\n<!-- \/ Yoast SEO plugin. -->","yoast_head_json":{"title":"\u00dcber uns - Br\u00fccke nach \u00c4thiopien","robots":{"index":"index","follow":"follow","max-snippet":"max-snippet:-1","max-image-preview":"max-image-preview:large","max-video-preview":"max-video-preview:-1"},"canonical":"http:\/\/www.bruecke-nach-aethiopien.at\/?page_id=239","og_locale":"de_DE","og_type":"article","og_title":"\u00dcber uns - Br\u00fccke nach \u00c4thiopien","og_description":"[vc_row][vc_column width=&#8220;1\/1&#8243;][vc_column_text]Seit April 2001 ist dieser Verein rechtsg\u00fcltig im \u00f6sterreichischen Vereinsregister eingetragen. BR\u00dcCKE NACH \u00c4THIOPIEN (BNA) wird von der Bezirkshauptmannschaft Feldkirch als zust\u00e4ndiger Vereinsbeh\u00f6rde unter der Zahl III-1704-01\/1509 gef\u00fchrt. Der Verein arbeitet ausnahmslos ehrenamtlich und wird von einem derzeit f\u00fcnfk\u00f6pfigen Vorstand geleitet. BR\u00dcCKE NACH \u00c4THIOPIEN &#8211; Gemeinn\u00fctziger Verein zur Unterst\u00fctzung von Kinderprojekten in \u00c4thiopien und","og_url":"http:\/\/www.bruecke-nach-aethiopien.at\/?page_id=239","og_site_name":"Br\u00fccke nach \u00c4thiopien","article_modified_time":"2014-12-29T10:07:20+00:00","og_image":[{"width":778,"height":220,"url":"https:\/\/i0.wp.com\/www.bruecke-nach-aethiopien.at\/wp-content\/uploads\/2014\/12\/dorf.jpg?fit=778%2C220","type":"image\/jpeg"}],"twitter_misc":{"Gesch\u00e4tzte Lesezeit":"1\u00a0Minute"},"schema":{"@context":"https:\/\/schema.org","@graph":[{"@type":"WebPage","@id":"http:\/\/www.bruecke-nach-aethiopien.at\/?page_id=239","url":"http:\/\/www.bruecke-nach-aethiopien.at\/?page_id=239","name":"\u00dcber uns - Br\u00fccke nach \u00c4thiopien","isPartOf":{"@id":"https:\/\/www.bruecke-nach-aethiopien.at\/#website"},"datePublished":"2014-12-22T12:55:18+00:00","dateModified":"2014-12-29T10:07:20+00:00","breadcrumb":{"@id":"http:\/\/www.bruecke-nach-aethiopien.at\/?page_id=239#breadcrumb"},"inLanguage":"de","potentialAction":[{"@type":"ReadAction","target":["http:\/\/www.bruecke-nach-aethiopien.at\/?page_id=239"]}]},{"@type":"BreadcrumbList","@id":"http:\/\/www.bruecke-nach-aethiopien.at\/?page_id=239#breadcrumb","itemListElement":[{"@type":"ListItem","position":1,"name":"Home","item":"https:\/\/www.bruecke-nach-aethiopien.at\/"},{"@type":"ListItem","position":2,"name":"\u00dcber uns"}]},{"@type":"WebSite","@id":"https:\/\/www.bruecke-nach-aethiopien.at\/#website","url":"https:\/\/www.bruecke-nach-aethiopien.at\/","name":"Br\u00fccke nach \u00c4thiopien","description":"Hilfe f\u00fcr \u00c4thiopien bzw. \u00c4thiopier in \u00d6sterreich","potentialAction":[{"@type":"SearchAction","target":{"@type":"EntryPoint","urlTemplate":"https:\/\/www.bruecke-nach-aethiopien.at\/?s={search_term_string}"},"query-input":"required name=search_term_string"}],"inLanguage":"de"}]}},"jetpack_shortlink":"https:\/\/wp.me\/P5xo1P-3R","_links":{"self":[{"href":"http:\/\/www.bruecke-nach-aethiopien.at\/index.php?rest_route=\/wp\/v2\/pages\/239"}],"collection":[{"href":"http:\/\/www.bruecke-nach-aethiopien.at\/index.php?rest_route=\/wp\/v2\/pages"}],"about":[{"href":"http:\/\/www.bruecke-nach-aethiopien.at\/index.php?rest_route=\/wp\/v2\/types\/page"}],"author":[{"embeddable":true,"href":"http:\/\/www.bruecke-nach-aethiopien.at\/index.php?rest_route=\/wp\/v2\/users\/1"}],"replies":[{"embeddable":true,"href":"http:\/\/www.bruecke-nach-aethiopien.at\/index.php?rest_route=%2Fwp%2Fv2%2Fcomments&post=239"}],"version-history":[{"count":7,"href":"http:\/\/www.bruecke-nach-aethiopien.at\/index.php?rest_route=\/wp\/v2\/pages\/239\/revisions"}],"predecessor-version":[{"id":280,"href":"http:\/\/www.bruecke-nach-aethiopien.at\/index.php?rest_route=\/wp\/v2\/pages\/239\/revisions\/280"}],"wp:featuredmedia":[{"embeddable":true,"href":"http:\/\/www.bruecke-nach-aethiopien.at\/index.php?rest_route=\/wp\/v2\/media\/278"}],"wp:attachment":[{"href":"http:\/\/www.bruecke-nach-aethiopien.at\/index.php?rest_route=%2Fwp%2Fv2%2Fmedia&parent=239"}],"curies":[{"name":"wp","href":"https:\/\/api.w.org\/{rel}","templated":true}]}}